et l = -56 - -83. What are the prime factors of l?
3
Let m be (7 + 0 + -3)*4. Let x = 3 + m. What are the prime factors of x?
19
Let s be (-155)/(-6) + (-17)/(-102). Let m = s + -13. What are the prime factors of m?
13
Suppose 5*o - 13 = 7. Suppose -5*r - 9 + 24 = 0. Suppose -m + j + 11 = m, -r*m + 33 = o*j. List the prime factors of m.
7
Suppose -2*q - q + 130 = k, 4*k + 5*q - 506 = 0. What are the prime factors of k?
2, 31
Let o(u) = -2*u - 4*u - 4*u + 2*u. Let s be o(-4). Suppose -l = l - s. List the prime factors of l.
2
Let r(m) be the second derivative of 4*m**5/5 + m**4/6 - m**2/2 - 3*m. Let j be r(1). Suppose -4*d = -43 - j. What are the prime factors of d?
3, 5
Let c(l) = -l**3 - 6*l**2 + 2*l + 2. Let a(k) = k**3 + 7*k**2 + 6*k - 6. Let s be a(-6). Let q be c(s). Let r = 18 + q. List the prime factors of r.
2
Let h(t) be the second derivative of 2*t**4 + t**2/2 + 2*t. What are the prime factors of h(1)?
5
Suppose -l + 79 = -5*m, 3*m + 52 = 3*l - 209. List the prime factors of l.
89
Suppose -651 = -15*u - 21. What are the prime factors of u?
2, 3, 7
Let b = -8 - -19. Suppose -3*j + 54 = -5*p, b = j - 2*p - 7. What are the prime factors of j?
2, 3
Let c(d) = d**2 + 6*d. Let f be c(-6). Suppose x = -4, -5*k = 2*x - 4 - 3. Suppose f*r - k*r = -24. What are the prime factors of r?
2
Suppose 4*f + 12 = u, -3*f = 2*u - u + 2. Suppose -u*g - 48 = -7*g. Suppose -5*j - 1 = -g. List the prime factors of j.
3
Let f(k) be the first derivative of k**5/60 + k**4/24 + k**3 - k**2/2 + 2. Let h(y) be the second derivative of f(y). What are the prime factors of h(0)?
2, 3
Suppose -24 = -4*b + 8*b. Let u = b - -15. What are the prime factors of u?
3
Suppose -4*h + 3 = 5*k, -4*h - k + 5 = 2*k. Suppose -130 = -o - 4*o - 2*c, h*c + 150 = 5*o. List the prime factors of o.
2, 7
Let i(y) = -3*y. Let g be i(-1). Let q(l) = -l + 2 - 1 - g + 3*l. What are the prime factors of q(6)?
2, 5
Suppose -4 + 0 = -o, -2*j + 112 = 2*o. Let f = -32 + j. List the prime factors of f.
2, 5
Suppose -3*a + 735 = -2*h, a = -3*h + 100 + 134. What are the prime factors of a?
3
Suppose 0 = 5*t - 5*b + 25, 4*b - 10 = -b. Let p be 2 - 1/(1/(-3)). Let w = t + p. List the prime factors of w.
2
Suppose 0 = -3*n + 3*k - 12, -4*n + 2*k + 2 - 8 = 0. Let t = n - -1. Suppose -4*l + 4*z = -64, -t*z + 48 = -2*l + 4*l. What are the prime factors of l?
2, 5
Suppose 3*z - 6*z - 6 = 0. Let x be ((-45)/6)/((-1)/z). List the prime factors of (-1 - 42/x)*5.
3
Let p(l) = 9*l + 4. Let c be p(4). List the prime factors of c/12*(6 + 3).
2, 3, 5
Let c be 18/18*(0 - -4). What are the prime factors of c - ((-3)/3 + -4)?
3
Let z(j) = -j**2 - 7*j - 2. Let f be z(-6). Suppose o - 40 = -4*o. Suppose 0*q - o = -f*q. What are the prime factors of q?
2
List the prime factors of (-3)/1 - (0 + -3 - 29).
29
Let q be -3*1/(-3) + 25. Let o be q + -3 + 0/3. Let p = 34 - o. List the prime factors of p.
11
Let u(s) = s**2 + 8*s + 9. Let i be u(-7). Suppose l = 3, -2*j - i*l + 1 = -3*l. List the prime factors of j.
2
Let h be -18*(-3)/12*2. What are the prime factors of (-2)/(-6) - (-132)/h?
3, 5
Let a = -32 + 11. List the prime factors of (-7)/a*(-1 + 31).
2, 5
Let z(r) = 2*r - 3. Let s = -4 - -4. Let t = s - -10. List the prime factors of z(t).
17
Suppose 5*y = -126 + 896. List the prime factors of y.
2, 7, 11
Let k(o) = -16*o + 132. List the prime factors of k(0).
2, 3, 11
Suppose -f - c - 4 = -3, -3*f - 18 = -2*c. List the prime factors of 3/(-12) + (-57)/f.
2, 7
Suppose -5*i = y - 67, -10*i + 5*i = -5*y + 365. What are the prime factors of y?
2, 3
Let b(l) = l**2 - 1. Let g(z) = z**3 - 10*z**2 + 4*z + 9. Let u(k) = 6*b(k) + g(k). Suppose 5*w - 10 = 10. List the prime factors of u(w).
19
Let u(i) be the third derivative of i**4/24 - i**3 + i**2. Let t be u(0). Let f = t - -10. What are the prime factors of f?
2
Suppose 5*i - 31 = 189. What are the prime factors of i?
2, 11
Suppose -13 = -3*l + 14. What are the prime factors of l?
3
Suppose -10*r + 672 = -4*r. List the prime factors of r.
2, 7
What are the prime factors of 298 + (8 - -4)/3?
2, 151
List the prime factors of -101*((-4)/16 - 3/4).
101
Suppose 3*h = 36 + 135. List the prime factors of h.
3, 19
Let v(o) = -o**3 - 9*o**2 + 7. Let u be v(-9). Suppose -2*n - u = -37. List the prime factors of n.
3, 5
Let n(g) = -g + 3. What are the prime factors of n(-6)?
3
Let g(t) = 8*t**2 - 32*t - 2. Let n(m) = -10*m + 21*m + 4 - 3 - 3*m**2. Let s(y) = 4*g(y) + 11*n(y). List the prime factors of s(-7).
3
Suppose 4*x = 2*s + 272, 0*s = -x - 4*s + 86. List the prime factors of x.
2, 5, 7
Suppose 5*p - 4*p = 4. List the prime factors of p.
2
Let x = 12 + -6. Suppose 0 = -2*k - x, -2*z - 2*k + 22 = -0*k. List the prime factors of z.
2, 7
Let q be -1 - 18/(-2 + 4). Let l = 41 + -27. Let p = q + l. List the prime factors of p.
2
Let s(c) = 4*c**2 + 2 + 4*c + 0*c**2 + 56*c**3 - 55*c**3. Let w be s(-2). Suppose w*k + 0 = 6. List the prime factors of k.
3
Let z = -3 + 5. Let i be z/(-2 - (-8)/5). Let l(y) = -y - 1. List the prime factors of l(i).
2
Suppose 5*u - 57 = 4*f, 7 + 8 = 3*u + 4*f. What are the prime factors of u?
3
Let t be ((-13)/(-3))/((-2)/(-6)). Suppose -3 = 5*h - t. List the prime factors of ((-1)/h)/((-3)/78).
13
Suppose -w - z = -31, 0*w + 3*w + 4*z = 91. List the prime factors of w.
3, 11
Let h = 196 - 114. List the prime factors of h.
2, 41
Let a(x) = x**2 + x + 3. Let g be a(3). Let y = g + -9. List the prime factors of y.
2, 3
Let f(v) = -3*v**2 + 2*v - 6. Let s be f(12). List the prime factors of ((-2)/3)/(12/s).
23
Let p = -6 + -9. Let m = p - -33. What are the prime factors of m?
2, 3
Suppose -5*o + 4*h = -h - 25, 4*o = -h + 10. Suppose 103 = o*w - 4*u - u, -4*u + 76 = 2*w. List the prime factors of w.
2, 3
Suppose 20 + 108 = 4*p. What are the prime factors of p?
2
Let a(y) = -4*y + 3*y + 3*y**2 + 0*y**2. Let r be a(-1). Suppose 0*z + 3*z = -4*q + 1, r*z + 2*q = 8. List the prime factors of z.
3
Let f be (0 + 0 + 6)/2. Suppose i + 3*k - 8*k - 15 = 0, 5*i = -k + 101. Suppose 16 = f*j - i. What are the prime factors of j?
2, 3
Suppose i + 19 = -4*f, 3*f - 5*i = -0*i + 3. Let b be 2/(-4)*(-1 + -1). What are the prime factors of b/f + (-90)/(-8)?
11
What are the prime factors of 93 + 4/(8/6)?
2, 3
Suppose 4*s - 3 = 3*s - o, 2*s + 24 = 4*o. Let n be (-46 - -3) + s + 2. Let u = n - -63. What are the prime factors of u?
2, 5
Suppose 3*u + 12 = 5*u. Suppose -3*c = -u*c + 6. List the prime factors of c.
2
Suppose 2*d - 18 = 54. Let i = d - 7. What are the prime factors of i?
29
List the prime factors of -1 - (-6)/(-3)*-59.
3, 13
Suppose -d - 58 = d. Let z = d - 15. List the prime factors of z/(-10) - 12/30.
2
Suppose -2*b + 3*b - 5 = 0. Suppose -b*i + 27 = -13. List the prime factors of i.
2
Let w(v) = 6 - 2 + 8*v**2 - 9*v**2. What are the prime factors of w(0)?
2
Let v = -15 - -21. What are the prime factors of v/7*(-14)/(-3)?
2
Suppose 5*m = 30 + 10. What are the prime factors of m?
2
Let s(f) be the third derivative of f**4/24 - f**3/3 - f**2. Let k be s(7). Let u(t) = 3*t + 2. What are the prime factors of u(k)?
17
Let t be 118/6 - 3/(-9). Let l = 28 - t. List the prime factors of l.
2
Let d(r) = 2*r - 2. Let f be d(-2). Let y = -4 - f. List the prime factors of (18/15)/(y/20).
2, 3
Let n(w) = -w**2 + 6*w - 9. Let r be n(6). What are the prime factors of -1 + (-24)/r*6?
3, 5
Let l(n) = -n**3 + 8*n**2 - 6*n - 7. Let o be l(7). Suppose o = 4*h - 70 + 22. Suppose h = j - 0*j. What are the prime factors of j?
2, 3
Suppose -3*n - 26 - 6 = 5*c, 4*c = -4. Let o = n + 21. What are the prime factors of o?
2, 3
What are the prime factors of (-1)/(-1)*(-5 + -2 - -445)?
2, 3, 73
Let a be (-3 + -3)*7/(-2). Let h = -14 + a. List the prime factors of h.
7
Let b = 211 + -115. What are the prime factors of b?
2, 3
Let f = 137 - 25. Suppose -f - 43 = -5*s. List the prime factors of s.
31
Suppose 0 = 5*j - 21 - 19. Let t = j - 5. What are the prime factors of t?
3
Let l(u) = 10*u - 4. Let h be l(2). Suppose -2*y - 4*j - h + 70 = 0, 0 = -4*j - 8. What are the prime factors of y?
31
Let c(o) = -o**2 + 5*o - 4. Suppose 3 = -2*j - x, 2*j - 2*x = -x + 7. Let k(g) = 3*g**3 + g - 1. Let h be k(j). What are the prime factors of c(h)?
2
Let p = -30 + 143. List the prime factors of p.
113
S